{"id":79,"date":"2017-05-06T10:32:01","date_gmt":"2017-05-06T08:32:01","guid":{"rendered":"http:\/\/pension-schuette-steiner.de\/wordpress\/?page_id=79"},"modified":"2017-05-06T10:32:01","modified_gmt":"2017-05-06T08:32:01","slug":"zimmer-maritim","status":"publish","type":"page","link":"https:\/\/pension-schuette-steiner.de\/wordpress\/zimmer\/zimmer-maritim\/","title":{"rendered":"Zimmer &#8220;Maritim&#8221;"},"content":{"rendered":"<p>gem\u00fctliche Zimmer \u201eMaritim\u201c verf\u00fcgt \u00fcber folgende Ausstattung:<\/p>\n<ul>\n<li>Doppelbett (1,40 x 2,00 m) mit zwei Kissen pro Gast (Allergiker geeignete Bettw\u00e4sche auf Wunsch)<\/li>\n<li>zwei Nachttische<\/li>\n<li>ein Regal<\/li>\n<li>Tisch mit zwei St\u00fchlen<\/li>\n<li>Couchtisch mit zwei Sesseln<\/li>\n<li>Sat-TV<\/li>\n<li>Gl\u00e4ser- und Tassensortiment, K\u00e4nnchen, Untersetzer, Servietten<\/li>\n<li>pro Person je ein Badetuch, Handtuch, G\u00e4stehandtuch, Waschlappen &amp; Bademantel<\/li>\n<li>f\u00fcr die kalten Tage eine zus\u00e4tzliche Decke<\/li>\n<li>ausreichend Informationsmaterial aus der Umgebung<\/li>\n<\/ul>\n<style type=\"text\/css\">\n#foogallery-gallery-80 .fg-image { width: 150px; }\n#foogallery-gallery-80 { --fg-gutter: 10px; }<\/style>\n\t\t\t<div class=\"foogallery foogallery-container foogallery-default foogallery-lightbox-foobox fg-center fg-default fg-ready fg-light fg-border-thin fg-shadow-small fg-loading-default fg-loaded-fade-in fg-hover-fade fg-hover-zoom\" id=\"foogallery-gallery-80\" data-foogallery=\"{&quot;item&quot;:{&quot;showCaptionTitle&quot;:true,&quot;showCaptionDescription&quot;:false},&quot;lazy&quot;:true}\" style=\"--fg-title-line-clamp: 0; --fg-description-line-clamp: 0;\" >\n\t<div class=\"fg-item fg-type-image fg-idle\"><figure class=\"fg-item-inner\"><a href=\"https:\/\/pension-schuette-steiner.de\/wordpress\/wp-content\/uploads\/2017\/05\/IMG017.jpg\" data-attachment-id=\"81\" data-type=\"image\" class=\"fg-thumb\"><span class=\"fg-image-wrap\"><img decoding=\"async\" width=\"150\" height=\"150\" class=\"skip-lazy fg-image\" data-src-fg=\"https:\/\/pension-schuette-steiner.de\/wordpress\/wp-content\/uploads\/cache\/2017\/05\/IMG017\/3725953938.jpg\" src=\"data:image\/svg+xml,%3Csvg%20xmlns%3D%22http%3A%2F%2Fwww.w3.org%2F2000%2Fsvg%22%20width%3D%22150%22%20height%3D%22150%22%20viewBox%3D%220%200%20150%20150%22%3E%3C%2Fsvg%3E\" loading=\"eager\"><\/span><span class=\"fg-image-overlay\"><\/span><\/a><\/figure><div class=\"fg-loader\"><\/div><\/div><div class=\"fg-item fg-type-image fg-idle\"><figure class=\"fg-item-inner\"><a href=\"https:\/\/pension-schuette-steiner.de\/wordpress\/wp-content\/uploads\/2017\/05\/IMG018.jpg\" data-attachment-id=\"82\" data-type=\"image\" class=\"fg-thumb\"><span class=\"fg-image-wrap\"><img decoding=\"async\" width=\"150\" height=\"150\" class=\"skip-lazy fg-image\" data-src-fg=\"https:\/\/pension-schuette-steiner.de\/wordpress\/wp-content\/uploads\/cache\/2017\/05\/IMG018\/410580489.jpg\" src=\"data:image\/svg+xml,%3Csvg%20xmlns%3D%22http%3A%2F%2Fwww.w3.org%2F2000%2Fsvg%22%20width%3D%22150%22%20height%3D%22150%22%20viewBox%3D%220%200%20150%20150%22%3E%3C%2Fsvg%3E\" loading=\"eager\"><\/span><span class=\"fg-image-overlay\"><\/span><\/a><\/figure><div class=\"fg-loader\"><\/div><\/div><div class=\"fg-item fg-type-image fg-idle\"><figure class=\"fg-item-inner\"><a href=\"https:\/\/pension-schuette-steiner.de\/wordpress\/wp-content\/uploads\/2017\/05\/IMG002-1.jpg\" data-caption-title=\"DCIM101GOPROGOPR4680.\" data-attachment-id=\"195\" data-type=\"image\" class=\"fg-thumb\"><span class=\"fg-image-wrap\"><img decoding=\"async\" title=\"DCIM101GOPROGOPR4680.\" width=\"150\" height=\"150\" class=\"skip-lazy fg-image\" data-src-fg=\"https:\/\/pension-schuette-steiner.de\/wordpress\/wp-content\/uploads\/cache\/2017\/05\/IMG002-1\/2875727000.jpg\" src=\"data:image\/svg+xml,%3Csvg%20xmlns%3D%22http%3A%2F%2Fwww.w3.org%2F2000%2Fsvg%22%20width%3D%22150%22%20height%3D%22150%22%20viewBox%3D%220%200%20150%20150%22%3E%3C%2Fsvg%3E\" loading=\"eager\"><\/span><span class=\"fg-image-overlay\"><\/span><\/a><figcaption class=\"fg-caption\"><div class=\"fg-caption-inner\"><div class=\"fg-caption-title\">DCIM101GOPROGOPR4680.<\/div><\/div><\/figcaption><\/figure><div class=\"fg-loader\"><\/div><\/div><\/div>\n\n","protected":false},"excerpt":{"rendered":"<p>gem\u00fctliche Zimmer \u201eMaritim\u201c verf\u00fcgt \u00fcber folgende Ausstattung: Doppelbett (1,40 x 2,00 m) mit zwei Kissen pro Gast (Allergiker geeignete Bettw\u00e4sche auf Wunsch) zwei Nachttische ein &hellip;<\/p>\n","protected":false},"author":2,"featured_media":0,"parent":22,"menu_order":0,"comment_status":"closed","ping_status":"closed","template":"","meta":{"jetpack_post_was_ever_published":false,"footnotes":""},"class_list":["post-79","page","type-page","status-publish","hentry"],"jetpack_sharing_enabled":true,"jetpack_shortlink":"https:\/\/wp.me\/P8Fw8Z-1h","_links":{"self":[{"href":"https:\/\/pension-schuette-steiner.de\/wordpress\/wp-json\/wp\/v2\/pages\/79"}],"collection":[{"href":"https:\/\/pension-schuette-steiner.de\/wordpress\/wp-json\/wp\/v2\/pages"}],"about":[{"href":"https:\/\/pension-schuette-steiner.de\/wordpress\/wp-json\/wp\/v2\/types\/page"}],"author":[{"embeddable":true,"href":"https:\/\/pension-schuette-steiner.de\/wordpress\/wp-json\/wp\/v2\/users\/2"}],"replies":[{"embeddable":true,"href":"https:\/\/pension-schuette-steiner.de\/wordpress\/wp-json\/wp\/v2\/comments?post=79"}],"version-history":[{"count":1,"href":"https:\/\/pension-schuette-steiner.de\/wordpress\/wp-json\/wp\/v2\/pages\/79\/revisions"}],"predecessor-version":[{"id":83,"href":"https:\/\/pension-schuette-steiner.de\/wordpress\/wp-json\/wp\/v2\/pages\/79\/revisions\/83"}],"up":[{"embeddable":true,"href":"https:\/\/pension-schuette-steiner.de\/wordpress\/wp-json\/wp\/v2\/pages\/22"}],"wp:attachment":[{"href":"https:\/\/pension-schuette-steiner.de\/wordpress\/wp-json\/wp\/v2\/media?parent=79"}],"curies":[{"name":"wp","href":"https:\/\/api.w.org\/{rel}","templated":true}]}}