{"id":47,"date":"2017-05-03T21:22:47","date_gmt":"2017-05-03T19:22:47","guid":{"rendered":"http:\/\/pension-schuette-steiner.de\/wordpress\/?page_id=47"},"modified":"2022-05-18T08:33:30","modified_gmt":"2022-05-18T06:33:30","slug":"zimmer-ingrid","status":"publish","type":"page","link":"https:\/\/pension-schuette-steiner.de\/wordpress\/zimmer\/zimmer-ingrid\/","title":{"rendered":"Zimmer &#8220;Ingrid&#8221;"},"content":{"rendered":"<p>Das gem\u00fctliche Zimmer &#8220;Ingrid&#8221; verf\u00fcgt \u00fcber folgende Ausstattung:<\/p>\n<ul>\n<li>Doppelbett (1,40 x 2,00 m) mit zwei Kissen pro Gast (Allergiker geeignete Bettw\u00e4sche auf Wunsch)<\/li>\n<li>zwei Nachttische<\/li>\n<li>ein Kleiderschrank<\/li>\n<li>Tisch mit zwei St\u00fchlen<\/li>\n<li>Couchtisch mit zwei Sesseln und Hocker<\/li>\n<li>Sat-TV<\/li>\n<li>Gl\u00e4ser- und Tassensortiment, K\u00e4nnchen, Untersetzer, Servietten<\/li>\n<li>pro Person je ein Badetuch, Handtuch, G\u00e4stehandtuch, Waschlappen &amp; Bademantel<\/li>\n<li>f\u00fcr die kalten Tage eine zus\u00e4tzliche Decke<\/li>\n<li>ausreichend Informationsmaterial aus der Umgebung<\/li>\n<\/ul>\n<style type=\"text\/css\">\n#foogallery-gallery-52 .fg-image { width: 150px; }\n#foogallery-gallery-52 { --fg-gutter: 10px; }<\/style>\n\t\t\t<div class=\"foogallery foogallery-container foogallery-default foogallery-lightbox-foobox fg-center fg-default fg-ready fg-light fg-border-thin fg-shadow-small fg-loading-default fg-loaded-fade-in fg-hover-fade fg-hover-zoom\" id=\"foogallery-gallery-52\" data-foogallery=\"{&quot;item&quot;:{&quot;showCaptionTitle&quot;:true,&quot;showCaptionDescription&quot;:false},&quot;lazy&quot;:true}\" style=\"--fg-title-line-clamp: 0; --fg-description-line-clamp: 0;\" >\n\t<div class=\"fg-item fg-type-image fg-idle\"><figure class=\"fg-item-inner\"><a href=\"https:\/\/pension-schuette-steiner.de\/wordpress\/wp-content\/uploads\/2017\/05\/IMG004-2.jpg\" data-attachment-id=\"193\" data-type=\"image\" class=\"fg-thumb\"><span class=\"fg-image-wrap\"><img decoding=\"async\" width=\"150\" height=\"150\" class=\"skip-lazy fg-image\" data-src-fg=\"https:\/\/pension-schuette-steiner.de\/wordpress\/wp-content\/uploads\/cache\/2017\/05\/IMG004-2\/1055207241.jpg\" src=\"data:image\/svg+xml,%3Csvg%20xmlns%3D%22http%3A%2F%2Fwww.w3.org%2F2000%2Fsvg%22%20width%3D%22150%22%20height%3D%22150%22%20viewBox%3D%220%200%20150%20150%22%3E%3C%2Fsvg%3E\" loading=\"eager\"><\/span><span class=\"fg-image-overlay\"><\/span><\/a><\/figure><div class=\"fg-loader\"><\/div><\/div><div class=\"fg-item fg-type-image fg-idle\"><figure class=\"fg-item-inner\"><a href=\"https:\/\/pension-schuette-steiner.de\/wordpress\/wp-content\/uploads\/2017\/05\/IMG004.jpg\" data-attachment-id=\"53\" data-type=\"image\" class=\"fg-thumb\"><span class=\"fg-image-wrap\"><img decoding=\"async\" width=\"150\" height=\"150\" class=\"skip-lazy fg-image\" data-src-fg=\"https:\/\/pension-schuette-steiner.de\/wordpress\/wp-content\/uploads\/cache\/2017\/05\/IMG004\/3701428959.jpg\" src=\"data:image\/svg+xml,%3Csvg%20xmlns%3D%22http%3A%2F%2Fwww.w3.org%2F2000%2Fsvg%22%20width%3D%22150%22%20height%3D%22150%22%20viewBox%3D%220%200%20150%20150%22%3E%3C%2Fsvg%3E\" loading=\"eager\"><\/span><span class=\"fg-image-overlay\"><\/span><\/a><\/figure><div class=\"fg-loader\"><\/div><\/div><div class=\"fg-item fg-type-image fg-idle\"><figure class=\"fg-item-inner\"><a href=\"https:\/\/pension-schuette-steiner.de\/wordpress\/wp-content\/uploads\/2017\/05\/IMG019.jpg\" data-attachment-id=\"54\" data-type=\"image\" class=\"fg-thumb\"><span class=\"fg-image-wrap\"><img decoding=\"async\" width=\"150\" height=\"150\" class=\"skip-lazy fg-image\" data-src-fg=\"https:\/\/pension-schuette-steiner.de\/wordpress\/wp-content\/uploads\/cache\/2017\/05\/IMG019\/1690261454.jpg\" src=\"data:image\/svg+xml,%3Csvg%20xmlns%3D%22http%3A%2F%2Fwww.w3.org%2F2000%2Fsvg%22%20width%3D%22150%22%20height%3D%22150%22%20viewBox%3D%220%200%20150%20150%22%3E%3C%2Fsvg%3E\" loading=\"eager\"><\/span><span class=\"fg-image-overlay\"><\/span><\/a><\/figure><div class=\"fg-loader\"><\/div><\/div><div class=\"fg-item fg-type-image fg-idle\"><figure class=\"fg-item-inner\"><a href=\"https:\/\/pension-schuette-steiner.de\/wordpress\/wp-content\/uploads\/2017\/05\/IMG022.jpg\" data-attachment-id=\"55\" data-type=\"image\" class=\"fg-thumb\"><span class=\"fg-image-wrap\"><img decoding=\"async\" width=\"150\" height=\"150\" class=\"skip-lazy fg-image\" data-src-fg=\"https:\/\/pension-schuette-steiner.de\/wordpress\/wp-content\/uploads\/cache\/2017\/05\/IMG022\/178040240.jpg\" src=\"data:image\/svg+xml,%3Csvg%20xmlns%3D%22http%3A%2F%2Fwww.w3.org%2F2000%2Fsvg%22%20width%3D%22150%22%20height%3D%22150%22%20viewBox%3D%220%200%20150%20150%22%3E%3C%2Fsvg%3E\" loading=\"eager\"><\/span><span class=\"fg-image-overlay\"><\/span><\/a><\/figure><div class=\"fg-loader\"><\/div><\/div><div class=\"fg-item fg-type-image fg-idle\"><figure class=\"fg-item-inner\"><a href=\"https:\/\/pension-schuette-steiner.de\/wordpress\/wp-content\/uploads\/2017\/05\/IMG005-2.jpg\" data-attachment-id=\"194\" data-type=\"image\" class=\"fg-thumb\"><span class=\"fg-image-wrap\"><img decoding=\"async\" width=\"150\" height=\"150\" class=\"skip-lazy fg-image\" data-src-fg=\"https:\/\/pension-schuette-steiner.de\/wordpress\/wp-content\/uploads\/cache\/2017\/05\/IMG005-2\/3336863672.jpg\" src=\"data:image\/svg+xml,%3Csvg%20xmlns%3D%22http%3A%2F%2Fwww.w3.org%2F2000%2Fsvg%22%20width%3D%22150%22%20height%3D%22150%22%20viewBox%3D%220%200%20150%20150%22%3E%3C%2Fsvg%3E\" loading=\"eager\"><\/span><span class=\"fg-image-overlay\"><\/span><\/a><\/figure><div class=\"fg-loader\"><\/div><\/div><div class=\"fg-item fg-type-image fg-idle\"><figure class=\"fg-item-inner\"><a href=\"https:\/\/pension-schuette-steiner.de\/wordpress\/wp-content\/uploads\/2017\/05\/IMG004-3.jpg\" data-caption-title=\"DCIM101GOPROGOPR4677.\" data-attachment-id=\"199\" data-type=\"image\" class=\"fg-thumb\"><span class=\"fg-image-wrap\"><img decoding=\"async\" title=\"DCIM101GOPROGOPR4677.\" width=\"150\" height=\"150\" class=\"skip-lazy fg-image\" data-src-fg=\"https:\/\/pension-schuette-steiner.de\/wordpress\/wp-content\/uploads\/cache\/2017\/05\/IMG004-3\/2264965174.jpg\" src=\"data:image\/svg+xml,%3Csvg%20xmlns%3D%22http%3A%2F%2Fwww.w3.org%2F2000%2Fsvg%22%20width%3D%22150%22%20height%3D%22150%22%20viewBox%3D%220%200%20150%20150%22%3E%3C%2Fsvg%3E\" loading=\"eager\"><\/span><span class=\"fg-image-overlay\"><\/span><\/a><figcaption class=\"fg-caption\"><div class=\"fg-caption-inner\"><div class=\"fg-caption-title\">DCIM101GOPROGOPR4677.<\/div><\/div><\/figcaption><\/figure><div class=\"fg-loader\"><\/div><\/div><div class=\"fg-item fg-type-image fg-idle\"><figure class=\"fg-item-inner\"><a href=\"https:\/\/pension-schuette-steiner.de\/wordpress\/wp-content\/uploads\/2017\/05\/IMG005-3.jpg\" data-caption-title=\"DCIM101GOPROGOPR4676.\" data-attachment-id=\"200\" data-type=\"image\" class=\"fg-thumb\"><span class=\"fg-image-wrap\"><img decoding=\"async\" title=\"DCIM101GOPROGOPR4676.\" width=\"150\" height=\"150\" class=\"skip-lazy fg-image\" data-src-fg=\"https:\/\/pension-schuette-steiner.de\/wordpress\/wp-content\/uploads\/cache\/2017\/05\/IMG005-3\/2860241871.jpg\" src=\"data:image\/svg+xml,%3Csvg%20xmlns%3D%22http%3A%2F%2Fwww.w3.org%2F2000%2Fsvg%22%20width%3D%22150%22%20height%3D%22150%22%20viewBox%3D%220%200%20150%20150%22%3E%3C%2Fsvg%3E\" loading=\"eager\"><\/span><span class=\"fg-image-overlay\"><\/span><\/a><figcaption class=\"fg-caption\"><div class=\"fg-caption-inner\"><div class=\"fg-caption-title\">DCIM101GOPROGOPR4676.<\/div><\/div><\/figcaption><\/figure><div class=\"fg-loader\"><\/div><\/div><div class=\"fg-item fg-type-image fg-idle\"><figure class=\"fg-item-inner\"><a href=\"https:\/\/pension-schuette-steiner.de\/wordpress\/wp-content\/uploads\/2017\/05\/IMG006-2.jpg\" data-caption-title=\"DCIM101GOPROGOPR4675.\" data-attachment-id=\"201\" data-type=\"image\" class=\"fg-thumb\"><span class=\"fg-image-wrap\"><img decoding=\"async\" title=\"DCIM101GOPROGOPR4675.\" width=\"150\" height=\"150\" class=\"skip-lazy fg-image\" data-src-fg=\"https:\/\/pension-schuette-steiner.de\/wordpress\/wp-content\/uploads\/cache\/2017\/05\/IMG006-2\/3200253.jpg\" src=\"data:image\/svg+xml,%3Csvg%20xmlns%3D%22http%3A%2F%2Fwww.w3.org%2F2000%2Fsvg%22%20width%3D%22150%22%20height%3D%22150%22%20viewBox%3D%220%200%20150%20150%22%3E%3C%2Fsvg%3E\" loading=\"eager\"><\/span><span class=\"fg-image-overlay\"><\/span><\/a><figcaption class=\"fg-caption\"><div class=\"fg-caption-inner\"><div class=\"fg-caption-title\">DCIM101GOPROGOPR4675.<\/div><\/div><\/figcaption><\/figure><div class=\"fg-loader\"><\/div><\/div><\/div>\n\n","protected":false},"excerpt":{"rendered":"<p>Das gem\u00fctliche Zimmer &#8220;Ingrid&#8221; verf\u00fcgt \u00fcber folgende Ausstattung: Doppelbett (1,40 x 2,00 m) mit zwei Kissen pro Gast (Allergiker geeignete Bettw\u00e4sche auf Wunsch) zwei Nachttische &hellip;<\/p>\n","protected":false},"author":2,"featured_media":0,"parent":22,"menu_order":0,"comment_status":"closed","ping_status":"closed","template":"","meta":{"jetpack_post_was_ever_published":false,"footnotes":""},"class_list":["post-47","page","type-page","status-publish","hentry"],"jetpack_sharing_enabled":true,"jetpack_shortlink":"https:\/\/wp.me\/P8Fw8Z-L","_links":{"self":[{"href":"https:\/\/pension-schuette-steiner.de\/wordpress\/wp-json\/wp\/v2\/pages\/47"}],"collection":[{"href":"https:\/\/pension-schuette-steiner.de\/wordpress\/wp-json\/wp\/v2\/pages"}],"about":[{"href":"https:\/\/pension-schuette-steiner.de\/wordpress\/wp-json\/wp\/v2\/types\/page"}],"author":[{"embeddable":true,"href":"https:\/\/pension-schuette-steiner.de\/wordpress\/wp-json\/wp\/v2\/users\/2"}],"replies":[{"embeddable":true,"href":"https:\/\/pension-schuette-steiner.de\/wordpress\/wp-json\/wp\/v2\/comments?post=47"}],"version-history":[{"count":4,"href":"https:\/\/pension-schuette-steiner.de\/wordpress\/wp-json\/wp\/v2\/pages\/47\/revisions"}],"predecessor-version":[{"id":854,"href":"https:\/\/pension-schuette-steiner.de\/wordpress\/wp-json\/wp\/v2\/pages\/47\/revisions\/854"}],"up":[{"embeddable":true,"href":"https:\/\/pension-schuette-steiner.de\/wordpress\/wp-json\/wp\/v2\/pages\/22"}],"wp:attachment":[{"href":"https:\/\/pension-schuette-steiner.de\/wordpress\/wp-json\/wp\/v2\/media?parent=47"}],"curies":[{"name":"wp","href":"https:\/\/api.w.org\/{rel}","templated":true}]}}